{"id":389,"date":"2017-07-09T15:29:04","date_gmt":"2017-07-09T13:29:04","guid":{"rendered":"http:\/\/wesel-bocholt.rotaract.de\/?page_id=389"},"modified":"2024-06-20T11:50:12","modified_gmt":"2024-06-20T09:50:12","slug":"der-vorstand","status":"publish","type":"page","link":"https:\/\/wesel-bocholt.rotaract.de\/?page_id=389","title":{"rendered":"Der Vorstand"},"content":{"rendered":"\n<p>Im Club gibt es verschiedene \u00c4mter, wie Pr\u00e4sident, Sekret\u00e4r oder Schatzmeister. Diese \u00c4mter werden jedes Jahr neu vergeben und bilden den Vorstand. Durch die Rotation soll der Club seine Dynamik behalten und die Mitglieder sollen die unterschiedlichen Aufgaben kennenlernen und so in unterschiedlichen Situationen Verantwortung \u00fcbernehmen.<\/p>\n\n\n\n<p><span style=\"color: #d91b5c;\"><strong>Unser Vorstand im rotaractischen Jahr 2024\/2025<\/strong><\/span><\/p>\n\n\n\n<div class=\"wp-block-group\"><div class=\"wp-block-group__inner-container is-layout-constrained wp-block-group-is-layout-constrained\">\n<p><strong>Pr\u00e4sidentin:<\/strong> Nadine Boos<\/p>\n\n\n\n<p><strong>Vizepr\u00e4sidentin:<\/strong> Rene Langenberg<\/p>\n\n\n\n<p><strong>Sekret\u00e4r:&nbsp;<\/strong>Carina Heisterkamp<\/p>\n\n\n\n<p><strong>Schatzmeisterin:<\/strong> Annika Meinen<\/p>\n\n\n\n<p><strong>Beauftragte f\u00fcr Soziales:<\/strong> Madeleine Wiengge<\/p>\n\n\n\n<p><strong>Beauftragte f\u00fcr PR &amp; rotarische Familie:<\/strong>&nbsp;Annika Meinen<\/p>\n<\/div><\/div>\n\n\n<div class=\"wp-block-image\">\n<figure class=\"alignleft size-full\"><img decoding=\"async\" width=\"889\" height=\"720\" src=\"https:\/\/wesel-bocholt.rotaract.de\/wp-content\/uploads\/sites\/199\/2023\/02\/team-spirit-2447163_960_720.jpg\" alt=\"\" class=\"wp-image-1067\" srcset=\"https:\/\/wesel-bocholt.rotaract.de\/wp-content\/uploads\/sites\/199\/2023\/02\/team-spirit-2447163_960_720.jpg 889w, https:\/\/wesel-bocholt.rotaract.de\/wp-content\/uploads\/sites\/199\/2023\/02\/team-spirit-2447163_960_720-300x243.jpg 300w, https:\/\/wesel-bocholt.rotaract.de\/wp-content\/uploads\/sites\/199\/2023\/02\/team-spirit-2447163_960_720-768x622.jpg 768w\" sizes=\"(max-width: 889px) 100vw, 889px\" \/><\/figure>\n<\/div>\n\n\n<h2 class=\"wp-block-heading\">Teamwork makes the Dreamwork!<\/h2>\n","protected":false},"excerpt":{"rendered":"<p>Im Club gibt es verschiedene \u00c4mter, wie Pr\u00e4sident, Sekret\u00e4r oder Schatzmeister. Diese \u00c4mter werden jedes Jahr neu vergeben und bilden den Vorstand. Durch die Rotation soll der Club seine Dynamik behalten und die Mitglieder sollen die unterschiedlichen Aufgaben kennenlernen und so in unterschiedlichen Situationen Verantwortung \u00fcbernehmen. Unser Vorstand im rotaractischen Jahr 2024\/2025 Pr\u00e4sidentin: Nadine Boos &#8230; <a title=\"Der Vorstand\" class=\"read-more\" href=\"https:\/\/wesel-bocholt.rotaract.de\/?page_id=389\" aria-label=\"Mehr Informationen \u00fcber Der Vorstand\">Weiterlesen<\/a><\/p>\n","protected":false},"author":173,"featured_media":0,"parent":305,"menu_order":0,"comment_status":"closed","ping_status":"closed","template":"","meta":{"footnotes":""},"class_list":["post-389","page","type-page","status-publish"],"yoast_head":"<!-- This site is optimized with the Yoast SEO plugin v27.4 - https:\/\/yoast.com\/product\/yoast-seo-wordpress\/ -->\n<title>Der Vorstand - Rotaract Club Wesel-Bocholt<\/title>\n<meta name=\"robots\" content=\"index, follow, max-snippet:-1, max-image-preview:large, max-video-preview:-1\" \/>\n<link rel=\"canonical\" href=\"https:\/\/wesel-bocholt.rotaract.de\/?page_id=389\" \/>\n<meta property=\"og:locale\" content=\"de_DE\" \/>\n<meta property=\"og:type\" content=\"article\" \/>\n<meta property=\"og:title\" content=\"Der Vorstand - Rotaract Club Wesel-Bocholt\" \/>\n<meta property=\"og:description\" content=\"Im Club gibt es verschiedene \u00c4mter, wie Pr\u00e4sident, Sekret\u00e4r oder Schatzmeister. Diese \u00c4mter werden jedes Jahr neu vergeben und bilden den Vorstand. Durch die Rotation soll der Club seine Dynamik behalten und die Mitglieder sollen die unterschiedlichen Aufgaben kennenlernen und so in unterschiedlichen Situationen Verantwortung \u00fcbernehmen. Unser Vorstand im rotaractischen Jahr 2024\/2025 Pr\u00e4sidentin: Nadine Boos ... Weiterlesen\" \/>\n<meta property=\"og:url\" content=\"https:\/\/wesel-bocholt.rotaract.de\/?page_id=389\" \/>\n<meta property=\"og:site_name\" content=\"Rotaract Club Wesel-Bocholt\" \/>\n<meta property=\"article:modified_time\" content=\"2024-06-20T09:50:12+00:00\" \/>\n<meta property=\"og:image\" content=\"https:\/\/wesel-bocholt.rotaract.de\/wp-content\/uploads\/sites\/199\/2023\/02\/team-spirit-2447163_960_720.jpg\" \/>\n<meta name=\"twitter:card\" content=\"summary_large_image\" \/>\n<script type=\"application\/ld+json\" class=\"yoast-schema-graph\">{\"@context\":\"https:\\\/\\\/schema.org\",\"@graph\":[{\"@type\":\"WebPage\",\"@id\":\"https:\\\/\\\/wesel-bocholt.rotaract.de\\\/?page_id=389\",\"url\":\"https:\\\/\\\/wesel-bocholt.rotaract.de\\\/?page_id=389\",\"name\":\"Der Vorstand - Rotaract Club Wesel-Bocholt\",\"isPartOf\":{\"@id\":\"https:\\\/\\\/wesel-bocholt.rotaract.de\\\/#website\"},\"primaryImageOfPage\":{\"@id\":\"https:\\\/\\\/wesel-bocholt.rotaract.de\\\/?page_id=389#primaryimage\"},\"image\":{\"@id\":\"https:\\\/\\\/wesel-bocholt.rotaract.de\\\/?page_id=389#primaryimage\"},\"thumbnailUrl\":\"https:\\\/\\\/wesel-bocholt.rotaract.de\\\/wp-content\\\/uploads\\\/sites\\\/199\\\/2023\\\/02\\\/team-spirit-2447163_960_720.jpg\",\"datePublished\":\"2017-07-09T13:29:04+00:00\",\"dateModified\":\"2024-06-20T09:50:12+00:00\",\"breadcrumb\":{\"@id\":\"https:\\\/\\\/wesel-bocholt.rotaract.de\\\/?page_id=389#breadcrumb\"},\"inLanguage\":\"de\",\"potentialAction\":[{\"@type\":\"ReadAction\",\"target\":[\"https:\\\/\\\/wesel-bocholt.rotaract.de\\\/?page_id=389\"]}]},{\"@type\":\"ImageObject\",\"inLanguage\":\"de\",\"@id\":\"https:\\\/\\\/wesel-bocholt.rotaract.de\\\/?page_id=389#primaryimage\",\"url\":\"https:\\\/\\\/wesel-bocholt.rotaract.de\\\/wp-content\\\/uploads\\\/sites\\\/199\\\/2023\\\/02\\\/team-spirit-2447163_960_720.jpg\",\"contentUrl\":\"https:\\\/\\\/wesel-bocholt.rotaract.de\\\/wp-content\\\/uploads\\\/sites\\\/199\\\/2023\\\/02\\\/team-spirit-2447163_960_720.jpg\",\"width\":889,\"height\":720},{\"@type\":\"BreadcrumbList\",\"@id\":\"https:\\\/\\\/wesel-bocholt.rotaract.de\\\/?page_id=389#breadcrumb\",\"itemListElement\":[{\"@type\":\"ListItem\",\"position\":1,\"name\":\"Startseite\",\"item\":\"https:\\\/\\\/wesel-bocholt.rotaract.de\\\/\"},{\"@type\":\"ListItem\",\"position\":2,\"name\":\"Unser Club\",\"item\":\"https:\\\/\\\/wesel-bocholt.rotaract.de\\\/?page_id=305\"},{\"@type\":\"ListItem\",\"position\":3,\"name\":\"Der Vorstand\"}]},{\"@type\":\"WebSite\",\"@id\":\"https:\\\/\\\/wesel-bocholt.rotaract.de\\\/#website\",\"url\":\"https:\\\/\\\/wesel-bocholt.rotaract.de\\\/\",\"name\":\"Rotaract Club Wesel-Bocholt\",\"description\":\"Lernen-Helfen-Feiern\",\"potentialAction\":[{\"@type\":\"SearchAction\",\"target\":{\"@type\":\"EntryPoint\",\"urlTemplate\":\"https:\\\/\\\/wesel-bocholt.rotaract.de\\\/?s={search_term_string}\"},\"query-input\":{\"@type\":\"PropertyValueSpecification\",\"valueRequired\":true,\"valueName\":\"search_term_string\"}}],\"inLanguage\":\"de\"}]}<\/script>\n<!-- \/ Yoast SEO plugin. -->","yoast_head_json":{"title":"Der Vorstand - Rotaract Club Wesel-Bocholt","robots":{"index":"index","follow":"follow","max-snippet":"max-snippet:-1","max-image-preview":"max-image-preview:large","max-video-preview":"max-video-preview:-1"},"canonical":"https:\/\/wesel-bocholt.rotaract.de\/?page_id=389","og_locale":"de_DE","og_type":"article","og_title":"Der Vorstand - Rotaract Club Wesel-Bocholt","og_description":"Im Club gibt es verschiedene \u00c4mter, wie Pr\u00e4sident, Sekret\u00e4r oder Schatzmeister. Diese \u00c4mter werden jedes Jahr neu vergeben und bilden den Vorstand. Durch die Rotation soll der Club seine Dynamik behalten und die Mitglieder sollen die unterschiedlichen Aufgaben kennenlernen und so in unterschiedlichen Situationen Verantwortung \u00fcbernehmen. Unser Vorstand im rotaractischen Jahr 2024\/2025 Pr\u00e4sidentin: Nadine Boos ... Weiterlesen","og_url":"https:\/\/wesel-bocholt.rotaract.de\/?page_id=389","og_site_name":"Rotaract Club Wesel-Bocholt","article_modified_time":"2024-06-20T09:50:12+00:00","og_image":[{"url":"https:\/\/wesel-bocholt.rotaract.de\/wp-content\/uploads\/sites\/199\/2023\/02\/team-spirit-2447163_960_720.jpg","type":"","width":"","height":""}],"twitter_card":"summary_large_image","schema":{"@context":"https:\/\/schema.org","@graph":[{"@type":"WebPage","@id":"https:\/\/wesel-bocholt.rotaract.de\/?page_id=389","url":"https:\/\/wesel-bocholt.rotaract.de\/?page_id=389","name":"Der Vorstand - Rotaract Club Wesel-Bocholt","isPartOf":{"@id":"https:\/\/wesel-bocholt.rotaract.de\/#website"},"primaryImageOfPage":{"@id":"https:\/\/wesel-bocholt.rotaract.de\/?page_id=389#primaryimage"},"image":{"@id":"https:\/\/wesel-bocholt.rotaract.de\/?page_id=389#primaryimage"},"thumbnailUrl":"https:\/\/wesel-bocholt.rotaract.de\/wp-content\/uploads\/sites\/199\/2023\/02\/team-spirit-2447163_960_720.jpg","datePublished":"2017-07-09T13:29:04+00:00","dateModified":"2024-06-20T09:50:12+00:00","breadcrumb":{"@id":"https:\/\/wesel-bocholt.rotaract.de\/?page_id=389#breadcrumb"},"inLanguage":"de","potentialAction":[{"@type":"ReadAction","target":["https:\/\/wesel-bocholt.rotaract.de\/?page_id=389"]}]},{"@type":"ImageObject","inLanguage":"de","@id":"https:\/\/wesel-bocholt.rotaract.de\/?page_id=389#primaryimage","url":"https:\/\/wesel-bocholt.rotaract.de\/wp-content\/uploads\/sites\/199\/2023\/02\/team-spirit-2447163_960_720.jpg","contentUrl":"https:\/\/wesel-bocholt.rotaract.de\/wp-content\/uploads\/sites\/199\/2023\/02\/team-spirit-2447163_960_720.jpg","width":889,"height":720},{"@type":"BreadcrumbList","@id":"https:\/\/wesel-bocholt.rotaract.de\/?page_id=389#breadcrumb","itemListElement":[{"@type":"ListItem","position":1,"name":"Startseite","item":"https:\/\/wesel-bocholt.rotaract.de\/"},{"@type":"ListItem","position":2,"name":"Unser Club","item":"https:\/\/wesel-bocholt.rotaract.de\/?page_id=305"},{"@type":"ListItem","position":3,"name":"Der Vorstand"}]},{"@type":"WebSite","@id":"https:\/\/wesel-bocholt.rotaract.de\/#website","url":"https:\/\/wesel-bocholt.rotaract.de\/","name":"Rotaract Club Wesel-Bocholt","description":"Lernen-Helfen-Feiern","potentialAction":[{"@type":"SearchAction","target":{"@type":"EntryPoint","urlTemplate":"https:\/\/wesel-bocholt.rotaract.de\/?s={search_term_string}"},"query-input":{"@type":"PropertyValueSpecification","valueRequired":true,"valueName":"search_term_string"}}],"inLanguage":"de"}]}},"_links":{"self":[{"href":"https:\/\/wesel-bocholt.rotaract.de\/index.php?rest_route=\/wp\/v2\/pages\/389","targetHints":{"allow":["GET"]}}],"collection":[{"href":"https:\/\/wesel-bocholt.rotaract.de\/index.php?rest_route=\/wp\/v2\/pages"}],"about":[{"href":"https:\/\/wesel-bocholt.rotaract.de\/index.php?rest_route=\/wp\/v2\/types\/page"}],"author":[{"embeddable":true,"href":"https:\/\/wesel-bocholt.rotaract.de\/index.php?rest_route=\/wp\/v2\/users\/173"}],"replies":[{"embeddable":true,"href":"https:\/\/wesel-bocholt.rotaract.de\/index.php?rest_route=%2Fwp%2Fv2%2Fcomments&post=389"}],"version-history":[{"count":3,"href":"https:\/\/wesel-bocholt.rotaract.de\/index.php?rest_route=\/wp\/v2\/pages\/389\/revisions"}],"predecessor-version":[{"id":1102,"href":"https:\/\/wesel-bocholt.rotaract.de\/index.php?rest_route=\/wp\/v2\/pages\/389\/revisions\/1102"}],"up":[{"embeddable":true,"href":"https:\/\/wesel-bocholt.rotaract.de\/index.php?rest_route=\/wp\/v2\/pages\/305"}],"wp:attachment":[{"href":"https:\/\/wesel-bocholt.rotaract.de\/index.php?rest_route=%2Fwp%2Fv2%2Fmedia&parent=389"}],"curies":[{"name":"wp","href":"https:\/\/api.w.org\/{rel}","templated":true}]}}