{"id":375,"date":"2017-07-09T15:03:51","date_gmt":"2017-07-09T13:03:51","guid":{"rendered":"http:\/\/wesel-bocholt.rotaract.de\/?page_id=375"},"modified":"2023-02-09T16:43:41","modified_gmt":"2023-02-09T15:43:41","slug":"deckel-drauf-aktion","status":"publish","type":"page","link":"https:\/\/wesel-bocholt.rotaract.de\/?page_id=375","title":{"rendered":"Deckel drauf &#8211; Aktion"},"content":{"rendered":"<p>Wir haben uns im rotarischen Jahr 2017\/2018 ganz dem Motto &#8222;Deckel-drauf&#8220; gewidmet und f\u00fchren das Projekt seitdem erfolgreich weiter.<\/p>\n<p>Wir haben jeder zuhause, Familie, Freunde, Nachbarn, Kollegen motiviert alle Plastikdeckel von Flaschen abzuschrauben und zu sammeln. Au\u00dferdem haben wir uns regelm\u00e4\u00dfig bei \u00f6rtlichen Getr\u00e4nkeh\u00e4ndlern im Lager getroffen und Deckel in Akkordarbeit abgeschraubt. Wir haben in einem Vortrag von Frau Metz einen interessanten Vortrag geh\u00f6rt, was Polio genau ist und was man dagegen tun kann. Gegen Kinderl\u00e4hmung kann man geimpft werden und so die Krankheit langfristig ausgerottet werden. Das rotarische Programm &#8222;End Polio Now&#8220; gibt es schon seit 1988 und ist das gr\u00f6\u00dfte Projekt, das Rotary in seiner Geschichte je angepackt hat \u2013 der Kampf gegen die Kinderl\u00e4hmung \u2013 und steht kurz vor dem Ziel: Es gelang mit Hilfe m\u00e4chtiger Partner wie der Weltgesundheitsorganisation, den gr\u00f6\u00dften Teil der Welt durch massive Impfkampagnen von Polio zu befreien. Durch die gro\u00dfen Fortschritte der letzten Jahre r\u00fcckt das Ziel bis Ende 2018 in greifbare N\u00e4he: Bis dahin soll die \u00dcbertragungskette weltweit unterbrochen sein.\u00a0 Dazu wollten wir unbedingt beitragen. Denn 500 Deckel erm\u00f6glichen 3 Impfungen gegen Polio.<\/p>\n<p>Wir haben in diesem Jahr<strong> 45.000 Deckel = 90 kg = 270 Impfungen<\/strong> gesammelt!<img decoding=\"async\" class=\"irc_mi\" src=\"http:\/\/taunus.rotaract.de\/wp-content\/uploads\/sites\/139\/2015\/03\/deckeldrauf.jpg\" alt=\"Bildergebnis f\u00fcr deckel drauf aktion\" width=\"155\" height=\"217\" \/><\/p>\n<p>Vielen Dank an alle Helfer und Unterst\u00fctzer!<\/p>\n<p>Dieses Herzensprojekt haben wir nat\u00fcrlich auch in Bildern festgehalten und daf\u00fcr sogar den <strong>Best Picture Award 2018 <\/strong>auf der Deutschlandkonferenz in K\u00f6ln erhalten und wurden in den Rotaract News und Rotary News abgedruckt!!<\/p>\n<p>Das macht uns nat\u00fcrlich unheimlich stolz und froh!<\/p>\n<div id='gallery-1' class='gallery galleryid-375 gallery-columns-3 gallery-size-medium'><figure class='gallery-item'>\n\t\t\t<div class='gallery-icon landscape'>\n\t\t\t\t<a href='https:\/\/wesel-bocholt.rotaract.de\/?attachment_id=654#main'><img decoding=\"async\" width=\"300\" height=\"169\" src=\"https:\/\/wesel-bocholt.rotaract.de\/wp-content\/uploads\/sites\/199\/2018\/06\/27173382_1615386908553572_8053803511622746658_o-300x169.jpg\" class=\"attachment-medium size-medium\" alt=\"\" srcset=\"https:\/\/wesel-bocholt.rotaract.de\/wp-content\/uploads\/sites\/199\/2018\/06\/27173382_1615386908553572_8053803511622746658_o-300x169.jpg 300w, https:\/\/wesel-bocholt.rotaract.de\/wp-content\/uploads\/sites\/199\/2018\/06\/27173382_1615386908553572_8053803511622746658_o-768x432.jpg 768w, https:\/\/wesel-bocholt.rotaract.de\/wp-content\/uploads\/sites\/199\/2018\/06\/27173382_1615386908553572_8053803511622746658_o-1024x576.jpg 1024w, https:\/\/wesel-bocholt.rotaract.de\/wp-content\/uploads\/sites\/199\/2018\/06\/27173382_1615386908553572_8053803511622746658_o.jpg 1280w\" sizes=\"(max-width: 300px) 100vw, 300px\" \/><\/a>\n\t\t\t<\/div><\/figure><figure class='gallery-item'>\n\t\t\t<div class='gallery-icon landscape'>\n\t\t\t\t<a href='https:\/\/wesel-bocholt.rotaract.de\/?attachment_id=1018#main'><img decoding=\"async\" width=\"300\" height=\"300\" src=\"https:\/\/wesel-bocholt.rotaract.de\/wp-content\/uploads\/sites\/199\/2023\/02\/Deckel-drauf-300x300.jpg\" class=\"attachment-medium size-medium\" alt=\"\" srcset=\"https:\/\/wesel-bocholt.rotaract.de\/wp-content\/uploads\/sites\/199\/2023\/02\/Deckel-drauf-300x300.jpg 300w, https:\/\/wesel-bocholt.rotaract.de\/wp-content\/uploads\/sites\/199\/2023\/02\/Deckel-drauf-1024x1024.jpg 1024w, https:\/\/wesel-bocholt.rotaract.de\/wp-content\/uploads\/sites\/199\/2023\/02\/Deckel-drauf-150x150.jpg 150w, https:\/\/wesel-bocholt.rotaract.de\/wp-content\/uploads\/sites\/199\/2023\/02\/Deckel-drauf-768x768.jpg 768w, https:\/\/wesel-bocholt.rotaract.de\/wp-content\/uploads\/sites\/199\/2023\/02\/Deckel-drauf.jpg 1440w\" sizes=\"(max-width: 300px) 100vw, 300px\" \/><\/a>\n\t\t\t<\/div><\/figure><figure class='gallery-item'>\n\t\t\t<div class='gallery-icon landscape'>\n\t\t\t\t<a href='https:\/\/wesel-bocholt.rotaract.de\/?attachment_id=1038#main'><img decoding=\"async\" width=\"300\" height=\"169\" src=\"https:\/\/wesel-bocholt.rotaract.de\/wp-content\/uploads\/sites\/199\/2023\/02\/Schulwettbewerb-300x169.jpg\" class=\"attachment-medium size-medium\" alt=\"\" srcset=\"https:\/\/wesel-bocholt.rotaract.de\/wp-content\/uploads\/sites\/199\/2023\/02\/Schulwettbewerb-300x169.jpg 300w, https:\/\/wesel-bocholt.rotaract.de\/wp-content\/uploads\/sites\/199\/2023\/02\/Schulwettbewerb-1024x575.jpg 1024w, https:\/\/wesel-bocholt.rotaract.de\/wp-content\/uploads\/sites\/199\/2023\/02\/Schulwettbewerb-768x432.jpg 768w, https:\/\/wesel-bocholt.rotaract.de\/wp-content\/uploads\/sites\/199\/2023\/02\/Schulwettbewerb.jpg 1333w\" sizes=\"(max-width: 300px) 100vw, 300px\" \/><\/a>\n\t\t\t<\/div><\/figure><figure class='gallery-item'>\n\t\t\t<div class='gallery-icon landscape'>\n\t\t\t\t<a href='https:\/\/wesel-bocholt.rotaract.de\/?attachment_id=655#main'><img decoding=\"async\" width=\"300\" height=\"169\" src=\"https:\/\/wesel-bocholt.rotaract.de\/wp-content\/uploads\/sites\/199\/2018\/06\/30171240_1702018806557048_6011170016147403143_o-300x169.jpg\" class=\"attachment-medium size-medium\" alt=\"\" srcset=\"https:\/\/wesel-bocholt.rotaract.de\/wp-content\/uploads\/sites\/199\/2018\/06\/30171240_1702018806557048_6011170016147403143_o-300x169.jpg 300w, https:\/\/wesel-bocholt.rotaract.de\/wp-content\/uploads\/sites\/199\/2018\/06\/30171240_1702018806557048_6011170016147403143_o-768x432.jpg 768w, https:\/\/wesel-bocholt.rotaract.de\/wp-content\/uploads\/sites\/199\/2018\/06\/30171240_1702018806557048_6011170016147403143_o-1024x576.jpg 1024w, https:\/\/wesel-bocholt.rotaract.de\/wp-content\/uploads\/sites\/199\/2018\/06\/30171240_1702018806557048_6011170016147403143_o.jpg 2048w\" sizes=\"(max-width: 300px) 100vw, 300px\" \/><\/a>\n\t\t\t<\/div><\/figure><figure class='gallery-item'>\n\t\t\t<div class='gallery-icon portrait'>\n\t\t\t\t<a href='https:\/\/wesel-bocholt.rotaract.de\/?attachment_id=656#main'><img decoding=\"async\" width=\"169\" height=\"300\" src=\"https:\/\/wesel-bocholt.rotaract.de\/wp-content\/uploads\/sites\/199\/2018\/06\/30419922_1702018839890378_117015713402046666_o-169x300.jpg\" class=\"attachment-medium size-medium\" alt=\"\" srcset=\"https:\/\/wesel-bocholt.rotaract.de\/wp-content\/uploads\/sites\/199\/2018\/06\/30419922_1702018839890378_117015713402046666_o-169x300.jpg 169w, https:\/\/wesel-bocholt.rotaract.de\/wp-content\/uploads\/sites\/199\/2018\/06\/30419922_1702018839890378_117015713402046666_o-768x1365.jpg 768w, https:\/\/wesel-bocholt.rotaract.de\/wp-content\/uploads\/sites\/199\/2018\/06\/30419922_1702018839890378_117015713402046666_o-576x1024.jpg 576w, https:\/\/wesel-bocholt.rotaract.de\/wp-content\/uploads\/sites\/199\/2018\/06\/30419922_1702018839890378_117015713402046666_o.jpg 1152w\" sizes=\"(max-width: 169px) 100vw, 169px\" \/><\/a>\n\t\t\t<\/div><\/figure><figure class='gallery-item'>\n\t\t\t<div class='gallery-icon landscape'>\n\t\t\t\t<a href='https:\/\/wesel-bocholt.rotaract.de\/?attachment_id=447#main'><img decoding=\"async\" width=\"300\" height=\"225\" src=\"https:\/\/wesel-bocholt.rotaract.de\/wp-content\/uploads\/sites\/199\/2017\/08\/IMG-20170826-WA0001bea-1-300x225.jpg\" class=\"attachment-medium size-medium\" alt=\"\" srcset=\"https:\/\/wesel-bocholt.rotaract.de\/wp-content\/uploads\/sites\/199\/2017\/08\/IMG-20170826-WA0001bea-1-300x225.jpg 300w, https:\/\/wesel-bocholt.rotaract.de\/wp-content\/uploads\/sites\/199\/2017\/08\/IMG-20170826-WA0001bea-1-768x576.jpg 768w, https:\/\/wesel-bocholt.rotaract.de\/wp-content\/uploads\/sites\/199\/2017\/08\/IMG-20170826-WA0001bea-1-1024x768.jpg 1024w, https:\/\/wesel-bocholt.rotaract.de\/wp-content\/uploads\/sites\/199\/2017\/08\/IMG-20170826-WA0001bea-1-624x468.jpg 624w, https:\/\/wesel-bocholt.rotaract.de\/wp-content\/uploads\/sites\/199\/2017\/08\/IMG-20170826-WA0001bea-1.jpg 1280w\" sizes=\"(max-width: 300px) 100vw, 300px\" \/><\/a>\n\t\t\t<\/div><\/figure><figure class='gallery-item'>\n\t\t\t<div class='gallery-icon portrait'>\n\t\t\t\t<a href='https:\/\/wesel-bocholt.rotaract.de\/?attachment_id=526#main'><img decoding=\"async\" width=\"225\" height=\"300\" src=\"https:\/\/wesel-bocholt.rotaract.de\/wp-content\/uploads\/sites\/199\/2017\/12\/IMG-20171029-WA0038-225x300.jpg\" class=\"attachment-medium size-medium\" alt=\"\" srcset=\"https:\/\/wesel-bocholt.rotaract.de\/wp-content\/uploads\/sites\/199\/2017\/12\/IMG-20171029-WA0038-225x300.jpg 225w, https:\/\/wesel-bocholt.rotaract.de\/wp-content\/uploads\/sites\/199\/2017\/12\/IMG-20171029-WA0038-768x1024.jpg 768w, https:\/\/wesel-bocholt.rotaract.de\/wp-content\/uploads\/sites\/199\/2017\/12\/IMG-20171029-WA0038-624x832.jpg 624w, https:\/\/wesel-bocholt.rotaract.de\/wp-content\/uploads\/sites\/199\/2017\/12\/IMG-20171029-WA0038.jpg 1200w\" sizes=\"(max-width: 225px) 100vw, 225px\" \/><\/a>\n\t\t\t<\/div><\/figure><figure class='gallery-item'>\n\t\t\t<div class='gallery-icon landscape'>\n\t\t\t\t<a href='https:\/\/wesel-bocholt.rotaract.de\/?attachment_id=657#main'><img decoding=\"async\" width=\"300\" height=\"169\" src=\"https:\/\/wesel-bocholt.rotaract.de\/wp-content\/uploads\/sites\/199\/2018\/06\/Foto-Deckel-drauf--300x169.jpg\" class=\"attachment-medium size-medium\" alt=\"\" srcset=\"https:\/\/wesel-bocholt.rotaract.de\/wp-content\/uploads\/sites\/199\/2018\/06\/Foto-Deckel-drauf--300x169.jpg 300w, https:\/\/wesel-bocholt.rotaract.de\/wp-content\/uploads\/sites\/199\/2018\/06\/Foto-Deckel-drauf--768x432.jpg 768w, https:\/\/wesel-bocholt.rotaract.de\/wp-content\/uploads\/sites\/199\/2018\/06\/Foto-Deckel-drauf--1024x576.jpg 1024w, https:\/\/wesel-bocholt.rotaract.de\/wp-content\/uploads\/sites\/199\/2018\/06\/Foto-Deckel-drauf-.jpg 1280w\" sizes=\"(max-width: 300px) 100vw, 300px\" \/><\/a>\n\t\t\t<\/div><\/figure><figure class='gallery-item'>\n\t\t\t<div class='gallery-icon landscape'>\n\t\t\t\t<a href='https:\/\/wesel-bocholt.rotaract.de\/?attachment_id=853#main'><img decoding=\"async\" width=\"300\" height=\"300\" src=\"https:\/\/wesel-bocholt.rotaract.de\/wp-content\/uploads\/sites\/199\/2019\/04\/deckel-300x300.jpg\" class=\"attachment-medium size-medium\" alt=\"\" srcset=\"https:\/\/wesel-bocholt.rotaract.de\/wp-content\/uploads\/sites\/199\/2019\/04\/deckel-300x300.jpg 300w, https:\/\/wesel-bocholt.rotaract.de\/wp-content\/uploads\/sites\/199\/2019\/04\/deckel-150x150.jpg 150w, https:\/\/wesel-bocholt.rotaract.de\/wp-content\/uploads\/sites\/199\/2019\/04\/deckel.jpg 640w\" sizes=\"(max-width: 300px) 100vw, 300px\" \/><\/a>\n\t\t\t<\/div><\/figure>\n\t\t<\/div>\n\n","protected":false},"excerpt":{"rendered":"<p>Wir haben uns im rotarischen Jahr 2017\/2018 ganz dem Motto &#8222;Deckel-drauf&#8220; gewidmet und f\u00fchren das Projekt seitdem erfolgreich weiter. Wir haben jeder zuhause, Familie, Freunde, Nachbarn, Kollegen motiviert alle Plastikdeckel von Flaschen abzuschrauben und zu sammeln. Au\u00dferdem haben wir uns regelm\u00e4\u00dfig bei \u00f6rtlichen Getr\u00e4nkeh\u00e4ndlern im Lager getroffen und Deckel in Akkordarbeit abgeschraubt. Wir haben in &#8230; <a title=\"Deckel drauf &#8211; Aktion\" class=\"read-more\" href=\"https:\/\/wesel-bocholt.rotaract.de\/?page_id=375\" aria-label=\"Mehr Informationen \u00fcber Deckel drauf &#8211; Aktion\">Weiterlesen<\/a><\/p>\n","protected":false},"author":173,"featured_media":0,"parent":370,"menu_order":0,"comment_status":"closed","ping_status":"closed","template":"","meta":{"footnotes":""},"class_list":["post-375","page","type-page","status-publish"],"yoast_head":"<!-- This site is optimized with the Yoast SEO plugin v27.4 - https:\/\/yoast.com\/product\/yoast-seo-wordpress\/ -->\n<title>Deckel drauf - Aktion - Rotaract Club Wesel-Bocholt<\/title>\n<meta name=\"robots\" content=\"index, follow, max-snippet:-1, max-image-preview:large, max-video-preview:-1\" \/>\n<link rel=\"canonical\" href=\"https:\/\/wesel-bocholt.rotaract.de\/?page_id=375\" \/>\n<meta property=\"og:locale\" content=\"de_DE\" \/>\n<meta property=\"og:type\" content=\"article\" \/>\n<meta property=\"og:title\" content=\"Deckel drauf - Aktion - Rotaract Club Wesel-Bocholt\" \/>\n<meta property=\"og:description\" content=\"Wir haben uns im rotarischen Jahr 2017\/2018 ganz dem Motto &#8222;Deckel-drauf&#8220; gewidmet und f\u00fchren das Projekt seitdem erfolgreich weiter. Wir haben jeder zuhause, Familie, Freunde, Nachbarn, Kollegen motiviert alle Plastikdeckel von Flaschen abzuschrauben und zu sammeln. Au\u00dferdem haben wir uns regelm\u00e4\u00dfig bei \u00f6rtlichen Getr\u00e4nkeh\u00e4ndlern im Lager getroffen und Deckel in Akkordarbeit abgeschraubt. Wir haben in ... Weiterlesen\" \/>\n<meta property=\"og:url\" content=\"https:\/\/wesel-bocholt.rotaract.de\/?page_id=375\" \/>\n<meta property=\"og:site_name\" content=\"Rotaract Club Wesel-Bocholt\" \/>\n<meta property=\"article:modified_time\" content=\"2023-02-09T15:43:41+00:00\" \/>\n<meta property=\"og:image\" content=\"https:\/\/wesel-bocholt.rotaract.de\/wp-content\/uploads\/sites\/199\/2018\/06\/27173382_1615386908553572_8053803511622746658_o-300x169.jpg\" \/>\n<meta name=\"twitter:card\" content=\"summary_large_image\" \/>\n<meta name=\"twitter:label1\" content=\"Gesch\u00e4tzte Lesezeit\" \/>\n\t<meta name=\"twitter:data1\" content=\"1\u00a0Minute\" \/>\n<script type=\"application\/ld+json\" class=\"yoast-schema-graph\">{\"@context\":\"https:\\\/\\\/schema.org\",\"@graph\":[{\"@type\":\"WebPage\",\"@id\":\"https:\\\/\\\/wesel-bocholt.rotaract.de\\\/?page_id=375\",\"url\":\"https:\\\/\\\/wesel-bocholt.rotaract.de\\\/?page_id=375\",\"name\":\"Deckel drauf - Aktion - Rotaract Club Wesel-Bocholt\",\"isPartOf\":{\"@id\":\"https:\\\/\\\/wesel-bocholt.rotaract.de\\\/#website\"},\"primaryImageOfPage\":{\"@id\":\"https:\\\/\\\/wesel-bocholt.rotaract.de\\\/?page_id=375#primaryimage\"},\"image\":{\"@id\":\"https:\\\/\\\/wesel-bocholt.rotaract.de\\\/?page_id=375#primaryimage\"},\"thumbnailUrl\":\"http:\\\/\\\/taunus.rotaract.de\\\/wp-content\\\/uploads\\\/sites\\\/139\\\/2015\\\/03\\\/deckeldrauf.jpg\",\"datePublished\":\"2017-07-09T13:03:51+00:00\",\"dateModified\":\"2023-02-09T15:43:41+00:00\",\"breadcrumb\":{\"@id\":\"https:\\\/\\\/wesel-bocholt.rotaract.de\\\/?page_id=375#breadcrumb\"},\"inLanguage\":\"de\",\"potentialAction\":[{\"@type\":\"ReadAction\",\"target\":[\"https:\\\/\\\/wesel-bocholt.rotaract.de\\\/?page_id=375\"]}]},{\"@type\":\"ImageObject\",\"inLanguage\":\"de\",\"@id\":\"https:\\\/\\\/wesel-bocholt.rotaract.de\\\/?page_id=375#primaryimage\",\"url\":\"http:\\\/\\\/taunus.rotaract.de\\\/wp-content\\\/uploads\\\/sites\\\/139\\\/2015\\\/03\\\/deckeldrauf.jpg\",\"contentUrl\":\"http:\\\/\\\/taunus.rotaract.de\\\/wp-content\\\/uploads\\\/sites\\\/139\\\/2015\\\/03\\\/deckeldrauf.jpg\"},{\"@type\":\"BreadcrumbList\",\"@id\":\"https:\\\/\\\/wesel-bocholt.rotaract.de\\\/?page_id=375#breadcrumb\",\"itemListElement\":[{\"@type\":\"ListItem\",\"position\":1,\"name\":\"Startseite\",\"item\":\"https:\\\/\\\/wesel-bocholt.rotaract.de\\\/\"},{\"@type\":\"ListItem\",\"position\":2,\"name\":\"Unsere Sozialaktionen\",\"item\":\"https:\\\/\\\/wesel-bocholt.rotaract.de\\\/?page_id=370\"},{\"@type\":\"ListItem\",\"position\":3,\"name\":\"Deckel drauf &#8211; Aktion\"}]},{\"@type\":\"WebSite\",\"@id\":\"https:\\\/\\\/wesel-bocholt.rotaract.de\\\/#website\",\"url\":\"https:\\\/\\\/wesel-bocholt.rotaract.de\\\/\",\"name\":\"Rotaract Club Wesel-Bocholt\",\"description\":\"Lernen-Helfen-Feiern\",\"potentialAction\":[{\"@type\":\"SearchAction\",\"target\":{\"@type\":\"EntryPoint\",\"urlTemplate\":\"https:\\\/\\\/wesel-bocholt.rotaract.de\\\/?s={search_term_string}\"},\"query-input\":{\"@type\":\"PropertyValueSpecification\",\"valueRequired\":true,\"valueName\":\"search_term_string\"}}],\"inLanguage\":\"de\"}]}<\/script>\n<!-- \/ Yoast SEO plugin. -->","yoast_head_json":{"title":"Deckel drauf - Aktion - Rotaract Club Wesel-Bocholt","robots":{"index":"index","follow":"follow","max-snippet":"max-snippet:-1","max-image-preview":"max-image-preview:large","max-video-preview":"max-video-preview:-1"},"canonical":"https:\/\/wesel-bocholt.rotaract.de\/?page_id=375","og_locale":"de_DE","og_type":"article","og_title":"Deckel drauf - Aktion - Rotaract Club Wesel-Bocholt","og_description":"Wir haben uns im rotarischen Jahr 2017\/2018 ganz dem Motto &#8222;Deckel-drauf&#8220; gewidmet und f\u00fchren das Projekt seitdem erfolgreich weiter. Wir haben jeder zuhause, Familie, Freunde, Nachbarn, Kollegen motiviert alle Plastikdeckel von Flaschen abzuschrauben und zu sammeln. Au\u00dferdem haben wir uns regelm\u00e4\u00dfig bei \u00f6rtlichen Getr\u00e4nkeh\u00e4ndlern im Lager getroffen und Deckel in Akkordarbeit abgeschraubt. Wir haben in ... Weiterlesen","og_url":"https:\/\/wesel-bocholt.rotaract.de\/?page_id=375","og_site_name":"Rotaract Club Wesel-Bocholt","article_modified_time":"2023-02-09T15:43:41+00:00","og_image":[{"url":"https:\/\/wesel-bocholt.rotaract.de\/wp-content\/uploads\/sites\/199\/2018\/06\/27173382_1615386908553572_8053803511622746658_o-300x169.jpg","type":"","width":"","height":""}],"twitter_card":"summary_large_image","twitter_misc":{"Gesch\u00e4tzte Lesezeit":"1\u00a0Minute"},"schema":{"@context":"https:\/\/schema.org","@graph":[{"@type":"WebPage","@id":"https:\/\/wesel-bocholt.rotaract.de\/?page_id=375","url":"https:\/\/wesel-bocholt.rotaract.de\/?page_id=375","name":"Deckel drauf - Aktion - Rotaract Club Wesel-Bocholt","isPartOf":{"@id":"https:\/\/wesel-bocholt.rotaract.de\/#website"},"primaryImageOfPage":{"@id":"https:\/\/wesel-bocholt.rotaract.de\/?page_id=375#primaryimage"},"image":{"@id":"https:\/\/wesel-bocholt.rotaract.de\/?page_id=375#primaryimage"},"thumbnailUrl":"http:\/\/taunus.rotaract.de\/wp-content\/uploads\/sites\/139\/2015\/03\/deckeldrauf.jpg","datePublished":"2017-07-09T13:03:51+00:00","dateModified":"2023-02-09T15:43:41+00:00","breadcrumb":{"@id":"https:\/\/wesel-bocholt.rotaract.de\/?page_id=375#breadcrumb"},"inLanguage":"de","potentialAction":[{"@type":"ReadAction","target":["https:\/\/wesel-bocholt.rotaract.de\/?page_id=375"]}]},{"@type":"ImageObject","inLanguage":"de","@id":"https:\/\/wesel-bocholt.rotaract.de\/?page_id=375#primaryimage","url":"http:\/\/taunus.rotaract.de\/wp-content\/uploads\/sites\/139\/2015\/03\/deckeldrauf.jpg","contentUrl":"http:\/\/taunus.rotaract.de\/wp-content\/uploads\/sites\/139\/2015\/03\/deckeldrauf.jpg"},{"@type":"BreadcrumbList","@id":"https:\/\/wesel-bocholt.rotaract.de\/?page_id=375#breadcrumb","itemListElement":[{"@type":"ListItem","position":1,"name":"Startseite","item":"https:\/\/wesel-bocholt.rotaract.de\/"},{"@type":"ListItem","position":2,"name":"Unsere Sozialaktionen","item":"https:\/\/wesel-bocholt.rotaract.de\/?page_id=370"},{"@type":"ListItem","position":3,"name":"Deckel drauf &#8211; Aktion"}]},{"@type":"WebSite","@id":"https:\/\/wesel-bocholt.rotaract.de\/#website","url":"https:\/\/wesel-bocholt.rotaract.de\/","name":"Rotaract Club Wesel-Bocholt","description":"Lernen-Helfen-Feiern","potentialAction":[{"@type":"SearchAction","target":{"@type":"EntryPoint","urlTemplate":"https:\/\/wesel-bocholt.rotaract.de\/?s={search_term_string}"},"query-input":{"@type":"PropertyValueSpecification","valueRequired":true,"valueName":"search_term_string"}}],"inLanguage":"de"}]}},"_links":{"self":[{"href":"https:\/\/wesel-bocholt.rotaract.de\/index.php?rest_route=\/wp\/v2\/pages\/375","targetHints":{"allow":["GET"]}}],"collection":[{"href":"https:\/\/wesel-bocholt.rotaract.de\/index.php?rest_route=\/wp\/v2\/pages"}],"about":[{"href":"https:\/\/wesel-bocholt.rotaract.de\/index.php?rest_route=\/wp\/v2\/types\/page"}],"author":[{"embeddable":true,"href":"https:\/\/wesel-bocholt.rotaract.de\/index.php?rest_route=\/wp\/v2\/users\/173"}],"replies":[{"embeddable":true,"href":"https:\/\/wesel-bocholt.rotaract.de\/index.php?rest_route=%2Fwp%2Fv2%2Fcomments&post=375"}],"version-history":[{"count":1,"href":"https:\/\/wesel-bocholt.rotaract.de\/index.php?rest_route=\/wp\/v2\/pages\/375\/revisions"}],"predecessor-version":[{"id":1048,"href":"https:\/\/wesel-bocholt.rotaract.de\/index.php?rest_route=\/wp\/v2\/pages\/375\/revisions\/1048"}],"up":[{"embeddable":true,"href":"https:\/\/wesel-bocholt.rotaract.de\/index.php?rest_route=\/wp\/v2\/pages\/370"}],"wp:attachment":[{"href":"https:\/\/wesel-bocholt.rotaract.de\/index.php?rest_route=%2Fwp%2Fv2%2Fmedia&parent=375"}],"curies":[{"name":"wp","href":"https:\/\/api.w.org\/{rel}","templated":true}]}}