{"id":12,"date":"2015-06-24T15:46:12","date_gmt":"2015-06-24T13:46:12","guid":{"rendered":"http:\/\/wesel-bocholt.rotaract.de\/?page_id=12"},"modified":"2018-06-24T17:57:45","modified_gmt":"2018-06-24T15:57:45","slug":"lernen","status":"publish","type":"page","link":"https:\/\/wesel-bocholt.rotaract.de\/?page_id=12","title":{"rendered":"Lernen"},"content":{"rendered":"<p>Das aktive Lernen spielt bei Rotaract eine gro\u00dfe Rolle.<\/p>\n<p>Ob au\u00dfergew\u00f6hnliche Berufe und Hobbys, Reisen, Kunst und Kultur oder gesellschaftspolitische Themen &#8211; es ist f\u00fcr jeden etwas Interessantes dabei:<\/p>\n<ul>\n<li>Vortr\u00e4ge von Mitgliedern oder externen Referenten<\/li>\n<li>Betriebsbesichtigungen<\/li>\n<li>Management-Trainings, Workshops oder Seminare<\/li>\n<li>Theater-, Konzert- oder Museumsbesuche<\/li>\n<li>Deutschland-, Europa- und Weltkonferenzen<\/li>\n<li>Reisen zu Partnerclubs im Ausland<\/li>\n<\/ul>\n<p><iframe loading=\"lazy\" title=\"Wer oder was ist Rotaract Germany - Lernen\" width=\"1200\" height=\"675\" src=\"https:\/\/www.youtube.com\/embed\/qubRAKAd290?feature=oembed\" frameborder=\"0\" allow=\"accelerometer; autoplay; clipboard-write; encrypted-media; gyroscope; picture-in-picture; web-share\" referrerpolicy=\"strict-origin-when-cross-origin\" allowfullscreen><\/iframe><\/p>\n<p>&nbsp;<\/p>\n<p><strong><span style=\"color: #d91b5c\">unsere Aktionen<\/span><\/strong><\/p>\n<div id='gallery-1' class='gallery galleryid-12 gallery-columns-3 gallery-size-thumbnail'><figure class='gallery-item'>\n\t\t\t<div class='gallery-icon landscape'>\n\t\t\t\t<a href='https:\/\/wesel-bocholt.rotaract.de\/?attachment_id=657#main'><img decoding=\"async\" width=\"150\" height=\"150\" src=\"https:\/\/wesel-bocholt.rotaract.de\/wp-content\/uploads\/sites\/199\/2018\/06\/Foto-Deckel-drauf--150x150.jpg\" class=\"attachment-thumbnail size-thumbnail\" alt=\"\" \/><\/a>\n\t\t\t<\/div><\/figure><figure class='gallery-item'>\n\t\t\t<div class='gallery-icon landscape'>\n\t\t\t\t<a href='https:\/\/wesel-bocholt.rotaract.de\/?attachment_id=533#main'><img decoding=\"async\" width=\"150\" height=\"150\" src=\"https:\/\/wesel-bocholt.rotaract.de\/wp-content\/uploads\/sites\/199\/2017\/12\/IMG-20171112-WA0007-150x150.jpg\" class=\"attachment-thumbnail size-thumbnail\" alt=\"\" \/><\/a>\n\t\t\t<\/div><\/figure><figure class='gallery-item'>\n\t\t\t<div class='gallery-icon landscape'>\n\t\t\t\t<a href='https:\/\/wesel-bocholt.rotaract.de\/?attachment_id=408#main'><img decoding=\"async\" width=\"150\" height=\"150\" src=\"https:\/\/wesel-bocholt.rotaract.de\/wp-content\/uploads\/sites\/199\/2017\/08\/IMG-20170723-WA0021-150x150.jpg\" class=\"attachment-thumbnail size-thumbnail\" alt=\"\" \/><\/a>\n\t\t\t<\/div><\/figure><figure class='gallery-item'>\n\t\t\t<div class='gallery-icon landscape'>\n\t\t\t\t<a href='https:\/\/wesel-bocholt.rotaract.de\/?attachment_id=175#main'><img decoding=\"async\" width=\"150\" height=\"150\" src=\"https:\/\/wesel-bocholt.rotaract.de\/wp-content\/uploads\/sites\/199\/2015\/11\/12208491_912968605462076_4915150471608848637_n-150x150.jpg\" class=\"attachment-thumbnail size-thumbnail\" alt=\"\" \/><\/a>\n\t\t\t<\/div><\/figure><figure class='gallery-item'>\n\t\t\t<div class='gallery-icon landscape'>\n\t\t\t\t<a href='https:\/\/wesel-bocholt.rotaract.de\/?attachment_id=75#main'><img decoding=\"async\" width=\"150\" height=\"150\" src=\"https:\/\/wesel-bocholt.rotaract.de\/wp-content\/uploads\/sites\/199\/2015\/07\/1393565_526754877416786_1933901144_n-150x150.jpg\" class=\"attachment-thumbnail size-thumbnail\" alt=\"\" \/><\/a>\n\t\t\t<\/div><\/figure><figure class='gallery-item'>\n\t\t\t<div class='gallery-icon landscape'>\n\t\t\t\t<a href='https:\/\/wesel-bocholt.rotaract.de\/?attachment_id=141'><img decoding=\"async\" width=\"150\" height=\"150\" src=\"https:\/\/wesel-bocholt.rotaract.de\/wp-content\/uploads\/sites\/199\/2015\/09\/IMG_3201-150x150.jpg\" class=\"attachment-thumbnail size-thumbnail\" alt=\"\" \/><\/a>\n\t\t\t<\/div><\/figure><figure class='gallery-item'>\n\t\t\t<div class='gallery-icon landscape'>\n\t\t\t\t<a href='https:\/\/wesel-bocholt.rotaract.de\/?attachment_id=140'><img decoding=\"async\" width=\"150\" height=\"150\" src=\"https:\/\/wesel-bocholt.rotaract.de\/wp-content\/uploads\/sites\/199\/2015\/09\/IMG_3200-150x150.jpg\" class=\"attachment-thumbnail size-thumbnail\" alt=\"\" \/><\/a>\n\t\t\t<\/div><\/figure>\n\t\t<\/div>\n\n","protected":false},"excerpt":{"rendered":"<p>Das aktive Lernen spielt bei Rotaract eine gro\u00dfe Rolle. Ob au\u00dfergew\u00f6hnliche Berufe und Hobbys, Reisen, Kunst und Kultur oder gesellschaftspolitische Themen &#8211; es ist f\u00fcr jeden etwas Interessantes dabei: Vortr\u00e4ge von Mitgliedern oder externen Referenten Betriebsbesichtigungen Management-Trainings, Workshops oder Seminare Theater-, Konzert- oder Museumsbesuche Deutschland-, Europa- und Weltkonferenzen Reisen zu Partnerclubs im Ausland &nbsp; unsere &#8230; <a title=\"Lernen\" class=\"read-more\" href=\"https:\/\/wesel-bocholt.rotaract.de\/?page_id=12\" aria-label=\"Mehr Informationen \u00fcber Lernen\">Weiterlesen<\/a><\/p>\n","protected":false},"author":173,"featured_media":0,"parent":0,"menu_order":0,"comment_status":"closed","ping_status":"open","template":"","meta":{"footnotes":""},"class_list":["post-12","page","type-page","status-publish"],"yoast_head":"<!-- This site is optimized with the Yoast SEO plugin v27.4 - https:\/\/yoast.com\/product\/yoast-seo-wordpress\/ -->\n<title>Lernen - Rotaract Club Wesel-Bocholt<\/title>\n<meta name=\"robots\" content=\"index, follow, max-snippet:-1, max-image-preview:large, max-video-preview:-1\" \/>\n<link rel=\"canonical\" href=\"https:\/\/wesel-bocholt.rotaract.de\/?page_id=12\" \/>\n<meta property=\"og:locale\" content=\"de_DE\" \/>\n<meta property=\"og:type\" content=\"article\" \/>\n<meta property=\"og:title\" content=\"Lernen - Rotaract Club Wesel-Bocholt\" \/>\n<meta property=\"og:description\" content=\"Das aktive Lernen spielt bei Rotaract eine gro\u00dfe Rolle. Ob au\u00dfergew\u00f6hnliche Berufe und Hobbys, Reisen, Kunst und Kultur oder gesellschaftspolitische Themen &#8211; es ist f\u00fcr jeden etwas Interessantes dabei: Vortr\u00e4ge von Mitgliedern oder externen Referenten Betriebsbesichtigungen Management-Trainings, Workshops oder Seminare Theater-, Konzert- oder Museumsbesuche Deutschland-, Europa- und Weltkonferenzen Reisen zu Partnerclubs im Ausland &nbsp; unsere ... Weiterlesen\" \/>\n<meta property=\"og:url\" content=\"https:\/\/wesel-bocholt.rotaract.de\/?page_id=12\" \/>\n<meta property=\"og:site_name\" content=\"Rotaract Club Wesel-Bocholt\" \/>\n<meta property=\"article:modified_time\" content=\"2018-06-24T15:57:45+00:00\" \/>\n<meta property=\"og:image\" content=\"https:\/\/wesel-bocholt.rotaract.de\/wp-content\/uploads\/sites\/199\/2018\/06\/Foto-Deckel-drauf--150x150.jpg\" \/>\n<meta name=\"twitter:card\" content=\"summary_large_image\" \/>\n<script type=\"application\/ld+json\" class=\"yoast-schema-graph\">{\"@context\":\"https:\\\/\\\/schema.org\",\"@graph\":[{\"@type\":\"WebPage\",\"@id\":\"https:\\\/\\\/wesel-bocholt.rotaract.de\\\/?page_id=12\",\"url\":\"https:\\\/\\\/wesel-bocholt.rotaract.de\\\/?page_id=12\",\"name\":\"Lernen - Rotaract Club Wesel-Bocholt\",\"isPartOf\":{\"@id\":\"https:\\\/\\\/wesel-bocholt.rotaract.de\\\/#website\"},\"datePublished\":\"2015-06-24T13:46:12+00:00\",\"dateModified\":\"2018-06-24T15:57:45+00:00\",\"breadcrumb\":{\"@id\":\"https:\\\/\\\/wesel-bocholt.rotaract.de\\\/?page_id=12#breadcrumb\"},\"inLanguage\":\"de\",\"potentialAction\":[{\"@type\":\"ReadAction\",\"target\":[\"https:\\\/\\\/wesel-bocholt.rotaract.de\\\/?page_id=12\"]}]},{\"@type\":\"BreadcrumbList\",\"@id\":\"https:\\\/\\\/wesel-bocholt.rotaract.de\\\/?page_id=12#breadcrumb\",\"itemListElement\":[{\"@type\":\"ListItem\",\"position\":1,\"name\":\"Startseite\",\"item\":\"https:\\\/\\\/wesel-bocholt.rotaract.de\\\/\"},{\"@type\":\"ListItem\",\"position\":2,\"name\":\"Lernen\"}]},{\"@type\":\"WebSite\",\"@id\":\"https:\\\/\\\/wesel-bocholt.rotaract.de\\\/#website\",\"url\":\"https:\\\/\\\/wesel-bocholt.rotaract.de\\\/\",\"name\":\"Rotaract Club Wesel-Bocholt\",\"description\":\"Lernen-Helfen-Feiern\",\"potentialAction\":[{\"@type\":\"SearchAction\",\"target\":{\"@type\":\"EntryPoint\",\"urlTemplate\":\"https:\\\/\\\/wesel-bocholt.rotaract.de\\\/?s={search_term_string}\"},\"query-input\":{\"@type\":\"PropertyValueSpecification\",\"valueRequired\":true,\"valueName\":\"search_term_string\"}}],\"inLanguage\":\"de\"}]}<\/script>\n<!-- \/ Yoast SEO plugin. -->","yoast_head_json":{"title":"Lernen - Rotaract Club Wesel-Bocholt","robots":{"index":"index","follow":"follow","max-snippet":"max-snippet:-1","max-image-preview":"max-image-preview:large","max-video-preview":"max-video-preview:-1"},"canonical":"https:\/\/wesel-bocholt.rotaract.de\/?page_id=12","og_locale":"de_DE","og_type":"article","og_title":"Lernen - Rotaract Club Wesel-Bocholt","og_description":"Das aktive Lernen spielt bei Rotaract eine gro\u00dfe Rolle. Ob au\u00dfergew\u00f6hnliche Berufe und Hobbys, Reisen, Kunst und Kultur oder gesellschaftspolitische Themen &#8211; es ist f\u00fcr jeden etwas Interessantes dabei: Vortr\u00e4ge von Mitgliedern oder externen Referenten Betriebsbesichtigungen Management-Trainings, Workshops oder Seminare Theater-, Konzert- oder Museumsbesuche Deutschland-, Europa- und Weltkonferenzen Reisen zu Partnerclubs im Ausland &nbsp; unsere ... Weiterlesen","og_url":"https:\/\/wesel-bocholt.rotaract.de\/?page_id=12","og_site_name":"Rotaract Club Wesel-Bocholt","article_modified_time":"2018-06-24T15:57:45+00:00","og_image":[{"url":"https:\/\/wesel-bocholt.rotaract.de\/wp-content\/uploads\/sites\/199\/2018\/06\/Foto-Deckel-drauf--150x150.jpg","type":"","width":"","height":""}],"twitter_card":"summary_large_image","schema":{"@context":"https:\/\/schema.org","@graph":[{"@type":"WebPage","@id":"https:\/\/wesel-bocholt.rotaract.de\/?page_id=12","url":"https:\/\/wesel-bocholt.rotaract.de\/?page_id=12","name":"Lernen - Rotaract Club Wesel-Bocholt","isPartOf":{"@id":"https:\/\/wesel-bocholt.rotaract.de\/#website"},"datePublished":"2015-06-24T13:46:12+00:00","dateModified":"2018-06-24T15:57:45+00:00","breadcrumb":{"@id":"https:\/\/wesel-bocholt.rotaract.de\/?page_id=12#breadcrumb"},"inLanguage":"de","potentialAction":[{"@type":"ReadAction","target":["https:\/\/wesel-bocholt.rotaract.de\/?page_id=12"]}]},{"@type":"BreadcrumbList","@id":"https:\/\/wesel-bocholt.rotaract.de\/?page_id=12#breadcrumb","itemListElement":[{"@type":"ListItem","position":1,"name":"Startseite","item":"https:\/\/wesel-bocholt.rotaract.de\/"},{"@type":"ListItem","position":2,"name":"Lernen"}]},{"@type":"WebSite","@id":"https:\/\/wesel-bocholt.rotaract.de\/#website","url":"https:\/\/wesel-bocholt.rotaract.de\/","name":"Rotaract Club Wesel-Bocholt","description":"Lernen-Helfen-Feiern","potentialAction":[{"@type":"SearchAction","target":{"@type":"EntryPoint","urlTemplate":"https:\/\/wesel-bocholt.rotaract.de\/?s={search_term_string}"},"query-input":{"@type":"PropertyValueSpecification","valueRequired":true,"valueName":"search_term_string"}}],"inLanguage":"de"}]}},"_links":{"self":[{"href":"https:\/\/wesel-bocholt.rotaract.de\/index.php?rest_route=\/wp\/v2\/pages\/12","targetHints":{"allow":["GET"]}}],"collection":[{"href":"https:\/\/wesel-bocholt.rotaract.de\/index.php?rest_route=\/wp\/v2\/pages"}],"about":[{"href":"https:\/\/wesel-bocholt.rotaract.de\/index.php?rest_route=\/wp\/v2\/types\/page"}],"author":[{"embeddable":true,"href":"https:\/\/wesel-bocholt.rotaract.de\/index.php?rest_route=\/wp\/v2\/users\/173"}],"replies":[{"embeddable":true,"href":"https:\/\/wesel-bocholt.rotaract.de\/index.php?rest_route=%2Fwp%2Fv2%2Fcomments&post=12"}],"version-history":[{"count":0,"href":"https:\/\/wesel-bocholt.rotaract.de\/index.php?rest_route=\/wp\/v2\/pages\/12\/revisions"}],"wp:attachment":[{"href":"https:\/\/wesel-bocholt.rotaract.de\/index.php?rest_route=%2Fwp%2Fv2%2Fmedia&parent=12"}],"curies":[{"name":"wp","href":"https:\/\/api.w.org\/{rel}","templated":true}]}}